t u(j) be the third derivative of j**5/10 - j**3/3 - 2*j**2. Let v be u(2). Suppose -3*y - 2*m + 17 = 0, -y - 3*m + v = 3*y. What is the units digit of y?
7
Suppose -l + 2*l - p - 37 = 0, 10 = -2*p. Let v(x) = x**2 - 3*x + 4. Let y be v(3). Suppose 3*j - y*j - 5*w = -l, -w = 3*j - 54. What is the units digit of j?
7
What is the units digit of (249/(-12))/(7/(-112))?
2
Suppose 86 - 8 = 3*d. What is the tens digit of d?
2
Let m be (-20)/(-10)*(-46)/4. Let g = -22 - m. What is the units digit of g?
1
Suppose 4*n - 197 = 4*z + n, 0 = -3*z - 5*n - 126. Let m = -27 - z. What is the tens digit of m?
2
Let c be (-8)/24 + (-10)/(-3). Suppose 3*j = -4*i + j + 76, c*j + 106 = 5*i. What is the tens digit of i?
2
Let n(s) = s**2 + 8*s - 9. Let o be n(-9). What is the units digit of 2 - (o - 3 - -2)?
3
Let i(z) = z**2 + 63. Let v = -2 + 2. Let k be i(v). What is the units digit of 4/6*k/6?
7
Let c(g) = 3*g + 9. What is the tens digit of c(8)?
3
Suppose 5*i = 23 + 7. Let q(w) = w. Let a be q(i). Let s(t) = t**3 - 6*t**2 + 5. What is the units digit of s(a)?
5
Let o(u) = -u**2 + 9*u - 9. Let n be o(7). What is the units digit of -2 - (-4)/2*n?
8
Let k(b) = -8*b**3 + 2*b**2 + 2*b + 1. Let f = -7 - -6. What is the units digit of k(f)?
9
Let f = 113 - 101. What is the tens digit of f?
1
Suppose 4*l = 3*s - 697, 5*s = s - 4*l + 920. What is the hundreds digit of s?
2
Let t(b) = b**2 - 2. Let c be t(3). Let y = c + 0. What is the units digit of y?
7
Let z = -27 - -33. What is the units digit of z?
6
Suppose k - 3 = -11. What is the tens digit of (k/(-3) + -2)*18?
1
Suppose 4*h = 10 + 10. What is the units digit of h?
5
Let j = -59 - -28. Let x = -13 - j. Suppose -5*t - 5*s + 65 = 0, -s - x - 13 = -3*t. What is the tens digit of t?
1
Let s(h) = -15*h + 31. Let o(u) = u**3 - 5*u**2 + 3*u. Let w be o(2). Let n(a) = 7*a - 15. Let i(r) = w*s(r) - 13*n(r). What is the units digit of i(4)?
5
Let n = 66 + 16. What is the units digit of n?
2
Let i be (18 + -2)/((-1)/(-4)). Suppose -i - 80 = -3*g. Suppose 4*f = g + 8. What is the tens digit of f?
1
Let l(a) = -a**2 + 20. Let x(j) = j**3 - 2*j**2 + j. Let c be x(1). What is the tens digit of l(c)?
2
Let q = -20 + 65. What is the units digit of q?
5
Let w be (-4)/(-18) - 2/9. Suppose -y = -w*y. Suppose 3*h - 3 = -y*h. What is the units digit of h?
1
Let o be -6*(1 + (-3)/2). Suppose -q + 3*q + y = 97, o*q - 5*y - 165 = 0. What is the tens digit of q?
5
Let v = 11 - 7. What is the units digit of v?
4
Let k be (2/1)/(-1 + 2). Suppose 0 = 3*f - 4*n - 20, 0 = -k*n + 3 - 1. Suppose -2*p + 3*p = f. What is the units digit of p?
8
Suppose -4*p - 83 + 315 = 0. What is the units digit of p?
8
Let b = 714 + -404. What is the units digit of b?
0
Let p(o) = o**2 + 11*o - 7. What is the units digit of p(-12)?
5
Let p = 7 + -16. Let a(r) = -r - 3. What is the units digit of a(p)?
6
Let k(z) = -z**3 + 4*z**2 + 7*z - 1. Suppose -25 = -3*p - 2*p. What is the units digit of k(p)?
9
What is the tens digit of (4/(-6))/((-2)/75)?
2
Suppose y + 58 = 2*y. Suppose -3*j - j - y = -5*g, 0 = 3*g + 5*j - 20. What is the tens digit of g?
1
Suppose -955 = -5*f - 5*i, 4*f = 2*f + i + 397. Suppose 4*d + f = -0*d. What is the units digit of 2/(-8) + d/(-4)?
2
Let u(k) = -k**3 + k**2. Let x(w) = -9*w**3 - 3*w**2 - 1. Let h(n) = 5*u(n) + x(n). Suppose 3*o - 1 + 4 = 0. What is the units digit of h(o)?
5
Let o be (-61)/(-3) + 6/9. Let k = -15 + o. What is the tens digit of (-2)/(-6) - (-70)/k?
1
What is the tens digit of 2 - (-1)/(-2) - 748/(-8)?
9
Let j = 4 + -5. Let y(q) = 20*q**2 + 1. What is the units digit of y(j)?
1
Let s be (4/(-2))/(10/(-815)). Suppose -173 = 4*d + s. What is the units digit of (2/3)/((-8)/d)?
7
Suppose 3*w = -3*v - 0*w + 36, -v - 5*w + 20 = 0. What is the units digit of v?
0
Suppose -2*k - 2*p + 62 = 0, -3*k - 7 = -5*p - 68. What is the units digit of k?
7
Suppose 0*u = -z + 3*u - 9, 3 = 3*u. Let h be (44/z)/((-2)/(-6)). Let k = -9 - h. What is the units digit of k?
3
Suppose 4*f - 4*v - 43 = 41, 3*v - 56 = -4*f. What is the tens digit of f?
1
Suppose 0*r + 45 = 5*r. Suppose 4*l - r*l + 16 = 4*m, 3*l - 16 = -4*m. Suppose 4*t - 36 = -l*t. What is the units digit of t?
9
Let a = 9 + -4. Suppose p - 7 = s, 0*p + 2*p - a = 5*s. What is the units digit of p?
0
Let g = -47 - -86. Suppose -g = -2*t + 23. What is the tens digit of t?
3
Let f be -12*(-2 + 3/2). Let b be f/21 + (-51)/7. Let w = 17 + b. What is the units digit of w?
0
Let d be (-4)/(-12) - 1/3. Let x be (-1 - d) + 0/(-3). Let g = x + 11. What is the tens digit of g?
1
Let j(c) = c**2 + 4*c - 1. Let u be j(-3). Let x(b) = -b**2 + 4*b - 2. Let t(f) = f**2 - 4*f + 1. Let k(y) = u*x(y) - 3*t(y). What is the units digit of k(5)?
0
What is the units digit of (2 + 13)*14/6?
5
Suppose t - 5 = -0*t. Suppose 10 = t*q + 3*g, q = -3*q + g + 8. Suppose 0 = -2*y + q. What is the units digit of y?
1
Suppose 6 = 2*h - 0*h. Suppose 2*y = 4*o + 12, -h*y = -4*y - 3*o + 1. What is the units digit of y?
4
Suppose -3 = h - 0. Let v = h - -5. Suppose 2*s = 7*s - v*w - 97, -4*w - 47 = -3*s. What is the units digit of s?
1
Let j be 3*(-4)/18*12. Let q be (-28)/(-2) + j/(-4). Let y = 22 - q. What is the units digit of y?
6
Let z = 67 - 3. Suppose -2*w + z = -2*m, -w = -0*w - 5*m - 44. What is the units digit of w?
9
Let c = -140 - -218. What is the tens digit of c?
7
Let t(a) = a**3 + 12*a**2 + 6*a + 7. What is the hundreds digit of t(-10)?
1
Let y = 41 - 21. Suppose 0 = 5*x - 0*x - y. Suppose -x*j + 2*j = -22. What is the tens digit of j?
1
Suppose 5*h - 65 = -0. What is the tens digit of h?
1
Suppose 4*j + 4*y = 276, 3*y + 342 = 5*j + 7*y. What is the tens digit of j?
6
Suppose 0 = -4*p + p + 9. Suppose w = -p*d + 74, 4*d + d - 5*w = 150. What is the units digit of d?
6
Let v be (-1 - 0)*9 - 0. What is the tens digit of -57*(0 + 3/v)?
1
Let h(r) = -7*r - r - 3 + 7*r. What is the units digit of h(-9)?
6
Suppose 3*p - 3*r = 186, -4*p + 31 = -2*r - 209. What is the tens digit of p?
5
What is the units digit of ((-1)/3)/(1/177*-1)?
9
Let a(b) = -b**3 - 2*b - 18*b**3 - 2*b**2 - 1 + 4*b**3 - 7*b**3. What is the units digit of a(-1)?
1
Let z = 6 + -10. Let l(m) = m**2 + m - 5. What is the units digit of l(z)?
7
Suppose 2*y = -3*z - 2*y + 37, -4*z + 66 = -3*y. Let n = -11 + z. What is the units digit of n?
4
Let k = 73 + -44. What is the tens digit of 2/4 + k/2?
1
Let x(m) = -m**3 + 25*m**2 - 55*m + 11. What is the units digit of x(22)?
3
Suppose -6*h + 765 + 159 = 0. What is the units digit of h?
4
Let r(y) = 13*y + 1. Let g(z) = -z**3 + 5*z**2 + 7*z - 5. Suppose 9 = 2*v - 3. Let x be g(v). What is the tens digit of r(x)?
1
Let o(x) = x**3 + x**2 - 5*x - 2. Let z be o(-4). Let w = -17 - z. What is the units digit of w?
3
Suppose 4*g + 11 = -w, 4*w - 5*w - 1 = -g. Let x be (3/4)/(g/(-8)). Suppose 0 = c - x*c + 2. What is the units digit of c?
1
Suppose -2*t + 0 = 6, -n = 3*t - 27. Let o = -17 + n. What is the tens digit of o?
1
Suppose -5*g - 207 = -8*g. What is the units digit of g?
9
Let g = 2 + 0. Suppose 0 = a - 12 - g. Let o = a + -5. What is the units digit of o?
9
Let f = -17 + 7. Let h be (12/10)/((-3)/f). What is the units digit of (2 - -4)*h/2?
2
Let p = 91 - 59. What is the tens digit of p?
3
Let k = 7 + -3. Let d = k - 2. What is the units digit of 13/d + (-2)/(-4)?
7
Let n(p) = p**3 + p**2 + 3*p - 3. Let m be n(5). Suppose 9*s = 12*s - m. What is the tens digit of s?
5
Suppose -4*b - 5 = -4*i - 1, 0 = -b - i + 7. Suppose -11 = -4*y - 3*w + 71, -4*w = b*y - 65. What is the tens digit of y?
1
Let u be (-3 - -6) + 5 + -2. What is the units digit of (-8 + 1)*u/(-21)?
2
Let o(d) = 40*d + 4. What is the units digit of o(2)?
4
Let b = -13 - -18. Suppose 3*c = 20 - b. What is the units digit of c?
5
Suppose 3*g - 6*g - 27 = -3*m, 4*m = -2*g + 30. What is the units digit of m?
8
Let y(a) = a**2 + 3*a - 1. Let h be y(-4). Suppose -w + 180 = h*w. Suppose -2*k + 7*k = w. What is the units digit of k?
9
Let r = -6 + -8. Let z = r - -21. What is the units digit of z?
7
Suppose 2*b = -o + 11, -5*o + 0*o = 4*b - 61. What is the units digit of o?
3
Let s be -1 + -57 + (13 - 11). Let o = s + 94. What is the tens digit of o?
3
Suppose -3*r + 17 = -5*t, r - 3*t = 5*r - 13. Suppose -3*q + 6*q - 1 = -p, 0 = -4*q - r